t is the hundreds digit of k?
3
Let n(u) = -5*u - 10. What is the units digit of n(-4)?
0
Suppose -2*w + w = j - 18, 5*j = -3*w + 64. What is the tens digit of w?
1
Let j = 100 + -61. What is the tens digit of j?
3
Let x = 1 + 1. Suppose -x*h = z - 3*z + 2, 0 = z + 4*h - 21. Suppose 0 = z*b - 63 + 8. What is the tens digit of b?
1
What is the tens digit of -21*(-1)/((-35)/(-6))*25?
9
Let t(k) = -k**3 - k**2 - k + 3. Let m be t(0). Suppose m*x - 4 = 5. What is the units digit of x?
3
What is the units digit of -2*(13/2)/(-1)?
3
What is the tens digit of 3 + 34 + (3 - 5)?
3
What is the tens digit of (-4)/5 - (-23474)/55?
2
Suppose m - 4*m - 12 = 0. Let l = m - -9. Let a = 6 - l. What is the units digit of a?
1
Suppose -485 = -12*z + 7*z. What is the units digit of z?
7
Let x(t) = 3*t - 3*t - 2 - 2*t + t. Let u be x(5). What is the units digit of -1 - (-2 + 1) - u?
7
Suppose 7*x = 6*x - 22. Let q = 34 + x. What is the tens digit of q?
1
Suppose -186 = -12*f + 9*f. What is the units digit of f?
2
What is the hundreds digit of -1 + (-3 - 0 - -118)?
1
Let j = 3 - -8. What is the units digit of 4/22 - (-42)/j?
4
Suppose 984 + 120 = 8*o. What is the hundreds digit of o?
1
Let z(r) = -89*r**3 + 5*r**2 + 4*r + 1. What is the units digit of z(-1)?
1
Let s(m) = 5*m**2 - 8*m - 3. Let j be s(6). Suppose -6*t + j = -3*t. Let q = t - 22. What is the tens digit of q?
2
Suppose 3*m + 117 = -2*g, -3*g - 3*m - 143 = -5*m. Let o = 87 + g. What is the units digit of o?
6
Let o = 175 - -44. What is the hundreds digit of o?
2
Let b(t) = t**2 - 2. Let x be b(2). Suppose -f - 30 = -3*f + 2*y, x*f - 28 = 3*y. What is the tens digit of f?
1
Let r(u) = u**2 - 3*u + 2. Let d be r(5). Let c = d - 6. What is the units digit of c?
6
Let u(w) = -w**3 - 10*w**2 - 2*w. What is the tens digit of u(-10)?
2
Let s = -68 + 96. Suppose 3*p - 141 = -0*p. Suppose -p = -5*f + s. What is the tens digit of f?
1
Let m be 11/4 + 1/4. Suppose m*s + 120 = u, 2*s - 3*u + 67 + 13 = 0. What is the units digit of (s/25)/((-2)/10)?
8
Suppose -5*b + z = -b - 107, 139 = 5*b - 3*z. What is the units digit of b?
6
Suppose 0 = -2*o + s + 20, -8 = o + 3*s + s. Suppose -4*t + 18 + 2 = 0. Suppose -3 = j - 3*k, o - 1 = -j + t*k. What is the units digit of j?
3
Suppose -47*a + 48*a - 56 = 0. What is the tens digit of a?
5
Let y = 324 - 156. What is the hundreds digit of y?
1
Let u be (12/30)/(3/30). Suppose -s + 117 = 5*z + 3*s, 3*z = -u*s + 67. What is the tens digit of z?
2
Let b = -10 - -24. Let q = -18 + 18. Let w = q + b. What is the tens digit of w?
1
Suppose 20 = 5*q, -12 = -i + 3*i - 4*q. Suppose -48 = -a - 3*a. Suppose i*r = -r + a. What is the units digit of r?
4
What is the tens digit of -44*(4 + (-45)/10)?
2
Suppose -3*s + 3*f = s - 101, f + 103 = 4*s. What is the units digit of s?
6
Let o be 2 - 3/(-4 + 3). Suppose o*r - 121 = -36. What is the tens digit of r?
1
Suppose 13*z = 4*z + 27. What is the units digit of z?
3
What is the hundreds digit of (-254)/(-8)*(5 + -1)?
1
Suppose 2*s + 2*s - 12 = 0. Suppose q = -s*q + 20. What is the tens digit of 97/5 - 2/q?
1
Let f(r) = 2*r**2 + 5*r - 8. What is the tens digit of f(-8)?
8
Let a(z) = z**2. Let x be a(-2). Let d be 15/9 + x/12. What is the tens digit of (d/(-4))/(2/(-48))?
1
Suppose -15*g + 1376 = -7*g. What is the tens digit of g?
7
Let v be 40/(-18) - 10/(-45). Let h(o) = 5*o - 7*o + 2*o**3 - 1 + 0*o**2 - o**2 - 3*o**3. What is the units digit of h(v)?
7
Let h be (-1)/(-2) - (-9)/2. Suppose 4*p - 16 + 4 = 0. Suppose 4*w = -p*l - 2*l - h, 10 = -2*w. What is the units digit of l?
3
Suppose -j = 2*j + 6, 5*j - 48 = -2*y. What is the units digit of y?
9
Suppose 4*u - 5*u = -2*o - 5, -26 = 5*o + 2*u. What is the units digit of o/(-16) - 94/(-8)?
2
Suppose 23*w + 280 = 25*w. What is the hundreds digit of w?
1
Suppose -2*w - 4*v - 10 = -126, 2*v + 10 = 0. What is the units digit of w?
8
Let z(c) = -c + 3 + 5*c**2 + 3*c - 5 + 1. What is the units digit of z(-2)?
5
Suppose 6 = -2*n, -2*d - 3*d = 3*n + 19. Suppose 0*b - 3*b - 27 = z, z = -4*b - 35. What is the units digit of b*((-10)/4 - d)?
4
Suppose k = 3*n + 5, -3*n = -4*k + 2 + 9. Suppose 4*u = u + 12, -5*g + k*u + 237 = 0. What is the units digit of g?
9
Let m(q) = q**3 - q**2 - q + 3. Let h(c) = -3*c**3 + 2*c**2 + 2*c - 7. Let z(w) = 4*h(w) + 9*m(w). Let p be -3 + (-1 - -2) + 1. What is the units digit of z(p)?
2
Let s(r) = -3*r + 5. Let l(z) = -7 + 20 + 8 - 13*z. Let i(o) = -2*l(o) + 9*s(o). What is the units digit of i(-4)?
7
Let n(y) = y**2 + 14*y + 2. Let l be n(-14). Suppose 2*r + 29 = 3*g, g - 35 = -l*g - r. What is the tens digit of g?
1
Let k(d) = d**3 + d**2 + 1. Let v(m) = 4*m**3 + 6*m**2 + 2*m + 1. Let s(g) = 2*k(g) - v(g). Let j = -7 + 5. What is the units digit of s(j)?
5
What is the units digit of ((-1170)/75)/(4/(-30))?
7
Let k(a) = -a**3 + 10*a**2 - 7*a - 1. Suppose -5*u + 5 = -40. What is the units digit of k(u)?
7
Let a = -16 - -18. Suppose n - 24 = a. What is the units digit of n?
6
Let o be (-100)/30*6/5. Let g(s) = -s**3 - 3*s**2 + 3*s - 3. What is the units digit of g(o)?
1
Let u(v) = 14*v**2 - 25*v - 20. Let s(k) = 5*k**2 - 8*k - 7. Let l(m) = -8*s(m) + 3*u(m). What is the tens digit of l(8)?
3
Suppose -4*m + 5*a - 56 = 0, -m + 6*m = 3*a - 70. Let s = -2 - m. What is the units digit of (3/s)/(2/8)?
1
Let q(w) = w**3 - w**2 - 2*w + 3. Let s be q(2). What is the units digit of s*1 + 9 + -5?
7
Let m = -127 - -289. What is the hundreds digit of m?
1
Suppose x = 2*x + 5*y - 68, -2*x = 4*y - 160. What is the units digit of x?
8
Let z be (-14)/6 + 2/6. Let x be (2 - z*2)/1. Suppose -3*w + 26 = -4*r, 9 = -3*w - x*r + 3*r. What is the units digit of w?
2
Suppose -14 = 2*o - 0*o. Let j = 32 - 22. Let f = o + j. What is the units digit of f?
3
Let o = -87 + 165. What is the units digit of o?
8
Let b = -62 - -100. What is the tens digit of b?
3
What is the units digit of -5*4/(-90) + (-745)/(-9)?
3
What is the units digit of (-3)/9 + 304/12?
5
Let z = -4 - -6. Suppose -6*p - 20 = -z*p. Let l(h) = h**3 + 5*h**2 + h + 6. What is the units digit of l(p)?
1
Let c be 3/(-2*(-3)/4). Let v be -1 + 8 + 10/(-5). Suppose -d + v*y = c*d - 26, -5*d + 33 = 2*y. What is the units digit of d?
7
Let r be 3/(1 + 2) - 4. Suppose -3*n = -n - 8. Let t = n + r. What is the units digit of t?
1
Suppose d = -2*d + 15. Let z(g) = -5*g + 5. Let v be z(d). What is the units digit of v/(-3)*(-12)/(-10)?
8
Let b(w) = -5*w - 7. Let s be b(-7). Let o = -53 + s. Let k = -17 - o. What is the units digit of k?
8
Suppose 6*q - 4*q + 2*l + 30 = 0, 4*q + 2*l + 68 = 0. Let g = q - -39. What is the tens digit of g?
2
Let n be (15/6)/((-1)/(-2)). Suppose -5*t - n*y = -240, -2 = y - 7. Suppose 2*f - 5*o = t, -1 + 5 = f + o. What is the units digit of f?
9
Suppose 0 = y - 3*y + 2*s - 18, 3*s - 35 = 5*y. What is the units digit of (-61)/(-7) + y/(-14)?
9
Let z = 34 + -24. What is the units digit of z?
0
Suppose -5*l + 97 + 58 = 0. What is the units digit of l?
1
Let i = 32 - 1. What is the units digit of i?
1
Let q be (-2 - -4)/((-2)/14). Let b = q - -25. What is the tens digit of b?
1
Let f(g) = g**3 + 11*g**2 + 9*g - 6. Let r be f(-10). Let b(l) = l**3 - 2*l**2 + 2*l + 3. What is the tens digit of b(r)?
4
Suppose -2*f - 1 + 7 = 0. Let c be (5/f)/(1/6). Let q = c + -3. What is the units digit of q?
7
Let u(a) = -2*a**2 + 2*a + 2. Let i be u(3). Let p(x) = x + 18. What is the units digit of p(i)?
8
Suppose 3*i - 13 + 1 = 0. Let n(q) be the first derivative of -q**3/3 + 3*q**2 - 3*q + 1. What is the units digit of n(i)?
5
Suppose -x + 3*x = -5*p + 48, -p = -3*x + 55. Suppose -x - 29 = -3*m. What is the tens digit of m?
1
Suppose 6*v - 100 = 566. What is the units digit of v?
1
Let b(d) = 6*d - 15. What is the units digit of b(8)?
3
Let a(i) = 0*i + 0*i - 5*i + 0*i + 7. Let k(v) = 9*v - 13. Let u(q) = -11*a(q) - 6*k(q). What is the units digit of u(8)?
9
Suppose 0*b - 28 = 4*b. Let i be 10*(-1)/(20/(-24)). Let d = b + i. What is the units digit of d?
5
Let y(w) = -5*w + 2. Let r(g) = -10*g + 4. Let c(p) = 4*r(p) - 7*y(p). What is the tens digit of c(-3)?
1
Let v(s) = s**2 + 4*s + 8. What is the units digit of v(-6)?
0
Let y(p) = -2*p - 1. Let g be y(-2). Suppose g*s - 59 = v + 61, -v = 3. What is the units digit of s?
9
Let f(